{"id":1082,"date":"2022-03-04T14:30:32","date_gmt":"2022-03-04T14:30:32","guid":{"rendered":"https:\/\/www.watersoflife.ie\/?post_type=partners&#038;p=1082"},"modified":"2022-05-24T09:19:23","modified_gmt":"2022-05-24T08:19:23","slug":"clar-uisci-na-nudaras-aitiuil","status":"publish","type":"partners","link":"https:\/\/www.watersoflife.ie\/ga\/partners\/clar-uisci-na-nudaras-aitiuil\/","title":{"rendered":"Cl\u00e1r Uisc\u00ed na n\u00dadar\u00e1s \u00c1iti\u00fail"},"content":{"rendered":"<p>T\u00e1 Cl\u00e1r Uisc\u00ed na n\u00dadar\u00e1s \u00c1iti\u00fail (LAWPRO) ag obair chun na fadhbanna a chuireann isteach ar chaighde\u00e1n uisce in \u00c9irinn a aithint. T\u00e9ann LAWPRO i mbun comhoibrithe le pobail \u00e1iti\u00fala, \u00fadar\u00e1is \u00e1iti\u00fala, gn\u00edomhaireachta\u00ed poibl\u00ed agus p\u00e1irtithe leasmhara eile maidir le c\u00farsa\u00ed uisce chun teacht ar r\u00e9iteach nuair a aithn\u00edtear fadhbanna.<\/p>\n","protected":false},"excerpt":{"rendered":"<p>T\u00e1 Cl\u00e1r Uisc\u00ed na n\u00dadar\u00e1s \u00c1iti\u00fail (LAWPRO) ag obair chun na fadhbanna a chuireann isteach ar chaighde\u00e1n uisce in \u00c9irinn a aithint. T\u00e9ann LAWPRO i mbun comhoibrithe le pobail \u00e1iti\u00fala, \u00fadar\u00e1is \u00e1iti\u00fala, gn\u00edomhaireachta\u00ed poibl\u00ed agus p\u00e1irtithe leasmhara eile maidir le c\u00farsa\u00ed uisce chun teacht ar r\u00e9iteach nuair a aithn\u00edtear fadhbanna.<\/p>\n","protected":false},"featured_media":841,"parent":0,"menu_order":0,"template":"","class_list":["post-1082","partners","type-partners","status-publish","has-post-thumbnail","hentry"],"acf":[],"_links":{"self":[{"href":"https:\/\/www.watersoflife.ie\/ga\/wp-json\/wp\/v2\/partners\/1082","targetHints":{"allow":["GET"]}}],"collection":[{"href":"https:\/\/www.watersoflife.ie\/ga\/wp-json\/wp\/v2\/partners"}],"about":[{"href":"https:\/\/www.watersoflife.ie\/ga\/wp-json\/wp\/v2\/types\/partners"}],"wp:featuredmedia":[{"embeddable":true,"href":"https:\/\/www.watersoflife.ie\/ga\/wp-json\/wp\/v2\/media\/841"}],"wp:attachment":[{"href":"https:\/\/www.watersoflife.ie\/ga\/wp-json\/wp\/v2\/media?parent=1082"}],"curies":[{"name":"wp","href":"https:\/\/api.w.org\/{rel}","templated":true}]}}

Clár Uiscí na nÚdarás Áitiúil

<p>Tá Clár Uiscí na nÚdarás Áitiúil (LAWPRO) ag obair chun na fadhbanna a chuireann isteach ar chaighdeán uisce in Éirinn a aithint. Téann LAWPRO i mbun comhoibrithe le pobail áitiúla, údaráis áitiúla, gníomhaireachtaí poiblí agus páirtithe leasmhara eile maidir le cúrsaí uisce chun teacht ar réiteach nuair a aithnítear fadhbanna.</p>
